l be 2 - 6 - 1*-1. What is the units digit of l + (8 + 2 - -2)?
9
Suppose 5*d + 2*o + 15 = 112, -5*o + 43 = 3*d. What is the tens digit of d?
2
Let d(r) = r**2 + 4*r + 1. Let m(b) = 1. Let q(z) = -d(z) + 5*m(z). Let o be q(-4). Suppose -12 = -2*w + o*p, 2*p - 46 = -4*w - p. What is the units digit of w?
0
Let l(i) = -i**2 + 6*i + 5. Let v be l(7). Let z be ((-8)/(-6))/(v/(-24)). Let k = z + -6. What is the tens digit of k?
1
Let o be (-3 + 2)*0/(-1). Let q = -21 - o. Let x = q + 41. What is the tens digit of x?
2
Let z = 64 - 44. Suppose -3*s + z = 2*s. Suppose s*g - o - 40 = 0, 3*o - 41 = -3*g + o. What is the units digit of g?
1
Let v be 2/(4*1/6). What is the units digit of (16 - 6/v) + 2?
6
Let t = -42 - -99. What is the units digit of t?
7
Let s(l) = 3*l**2 + 5*l + 4. Let q be (-104)/32 - (-1)/4. What is the tens digit of s(q)?
1
Let m(s) = -s + 1. Let f be m(-1). Suppose -4*q + 1 = -3*q, 3*q + 3 = f*x. Suppose 0 = x*i - 2*i + h, 32 = 5*i - 3*h. What is the units digit of i?
4
Let w = -224 + 364. Suppose -4*u + 15 = -i - 91, -5*i = -5*u + w. What is the tens digit of u?
2
Suppose -18 = d + 4*p, -3*d + 4*p = 2*p - 16. Suppose -5*n + d = -4*y, 1 = n - 5*y + 9. What is the units digit of n?
2
Let f(v) = -v**3 - 8*v**2 + 9*v + 13. What is the tens digit of f(-9)?
1
Let n(u) = u**3 - 4*u + 3. Let t(j) = -j**3 + j**2 - j + 4. Let z be t(0). Let m = z - 2. What is the units digit of n(m)?
3
Let d = -19 - -22. What is the units digit of (-51)/(-6) - d/6?
8
Let c be -1 + 1 - (2 + -3). Let s be (0 - 2) + 1 + c. Suppose 2*i - 16 + 4 = s. What is the units digit of i?
6
Let t(n) = -3*n**3 + 4*n**2 + 3*n + 2. Let z(h) = -h**2 - h - 1. Let l(a) = t(a) + 3*z(a). Let u be l(-1). What is the units digit of (u/2)/(6/32)?
8
Let x = 8 + -10. Let u = x + 4. Suppose -u*c + 33 = c. What is the units digit of c?
1
Let n = 16 + 5. What is the units digit of n?
1
Suppose -5*f + 10 = u + u, 4*f = 4*u - 20. Let p(r) = -r + 2*r**2 + r**3 + 5 + u - r**2. What is the tens digit of p(0)?
1
Let k = -1 + 1. Suppose 4*o = 3*w - k*w - 17, 5*o - 3*w = -19. Let n = o - -4. What is the units digit of n?
2
Let x(y) = -27*y**3 + 2*y**2 - 1. What is the units digit of x(-1)?
8
Suppose 5*h - 10 = -2*z, -h + 2*z = z - 2. Let o(r) = -r - r**3 - 5 + 4 - 2*r - h*r**2. What is the units digit of o(-2)?
5
Let g(w) = -2*w - 5. Suppose -h = 4*h. Let f be 2*(-1 - h) + -6. What is the units digit of g(f)?
1
Suppose -2*a + 125 - 17 = 0. What is the units digit of a?
4
Let x(h) = -h + 2. Let b be x(-6). Suppose 4*k + c = k - 4, -b = k + 2*c. Suppose 4*l + 3*t - 47 = -l, 2*l - 4*t + 2 = k. What is the units digit of l?
7
Let r(a) = 6*a - 9. Let m be r(7). Let f = -17 + m. What is the units digit of f?
6
Let r = 2 + 2. Let v = -8 + r. What is the units digit of 4/(v/(-2)) + -1?
1
Let g be -2 - -8 - (-2 - -1). Suppose 3*v - 2 = -k, 5*k + 10 = -g*v + 2*v. Suppose -v*i + 40 = 2*i. What is the units digit of i?
0
Suppose 0 = -4*r - 25 - 19. Let b = 17 + r. What is the tens digit of 9/b + 17/2?
1
Suppose z + z + 4*j = 28, 2*z + j = 25. What is the units digit of (-3)/12 + 27/z?
2
Suppose -210 - 360 = -6*b. What is the tens digit of b?
9
Suppose 0*k - 4*u = 2*k - 272, 0 = -3*k + 2*u + 424. What is the tens digit of k?
4
Suppose t - 6*t + 30 = 0. Let b = t - 4. Suppose -3*q = -5*f + 6, b*q - 3*f - 3 = -2*f. What is the units digit of q?
3
What is the tens digit of ((-3)/4 - 1/(-4))*-54?
2
Let a be 2/((-15)/(-9) - 1). Suppose j + a*y = 36, -5*j = -j + y - 111. What is the units digit of j?
7
Suppose 21 = 3*z - 36. What is the tens digit of z?
1
Suppose 3*m + 27 = 4*s, -4*s - 4*m = 4 - 24. Let f = 0 + s. Let x = f + 2. What is the units digit of x?
8
Suppose j - 4*c = -4*j + 102, 4*j - 94 = -3*c. What is the tens digit of j?
2
Let v = -14 - -9. Let f(c) = -3*c + 10. What is the tens digit of f(v)?
2
Suppose 8*m - 8 = 10*m. Suppose 3*d = 5*d - 10. Let z = m + d. What is the units digit of z?
1
Suppose 3*g + 6 = q, -3*q + g - 5 + 15 = 0. Suppose 5*u - 25 = -5*k, 5*u - q*k - 25 = -k. What is the units digit of u/2 - 9/(-6)?
4
Let x(o) = o**3 - 9*o**2 - 8*o + 12. Let f be x(10). Suppose -2*g = 2*g - f. What is the units digit of g?
8
Let f(t) = 15*t - 1. What is the units digit of f(5)?
4
Suppose -3 - 6 = -3*n. Suppose 81 + 255 = n*f. What is the units digit of f/(-12)*6/(-4)?
4
Let c(a) = -3*a - 19. Let t be c(-9). Suppose 70 = 2*u + 5*g, -u - g + t = -21. What is the tens digit of u?
2
Let w = -38 - -45. What is the units digit of w?
7
Let z be (-2)/5 + (-4)/(-10). Let d be ((-21)/(-9) - 3)*-3. Suppose 4*a = -5*q + 31, z*q + 5*a - 26 = -d*q. What is the units digit of q?
3
Let g be 15/((-279)/96 - -3). What is the units digit of (-6)/9 - g/(-6)?
6
What is the units digit of (-6)/21 + ((-13900)/35)/(-4)?
9
Let j(m) = m**3 - 7*m**2 + 8*m - 8. Let q be j(6). What is the tens digit of -2 + -2 + q - -13?
1
Suppose -y = -4*o - 0*y + 241, -3*y = -o + 74. What is the tens digit of o?
5
What is the hundreds digit of (-43)/((1 - (-13)/7) + -3)?
3
Suppose l = -3*g - 12, -3*l - g - 11 = 3*g. Suppose 5*r - q - 21 = 0, -l*r - 4*q + 0*q + 8 = 0. What is the units digit of r?
4
Suppose 0 = 4*q + 12, -4*w + 2*w + 2*q = -12. Suppose 0 = 2*u - 8, -w*o - 4*u + 79 = 0. What is the tens digit of o?
2
Let g(p) = -p**2 - 29*p + 81. What is the hundreds digit of g(-27)?
1
Let r be (6/(-4))/(3/4). Let u be 2/((0 - r) + -1). What is the units digit of u/3 + (-1)/(-3)?
1
What is the units digit of (9/6)/(-3)*-84?
2
Let l(g) = g. Let t be l(7). What is the units digit of ((-7)/t)/((-1)/5)?
5
Let j be (-842)/(-18) + (-8)/(-36). Suppose j = 5*i - 58. What is the tens digit of i?
2
Suppose 2*u = -c - 0*u - 23, 2*u + 38 = -2*c. What is the units digit of (-6)/c + 76/10?
8
Let a be (-5 + 8)*8/6. What is the units digit of 18 + a/(-2) + 0?
6
What is the tens digit of 2/(29/40 - (-30)/(-50))?
1
Suppose -4*x - 2*x = -228. What is the tens digit of x?
3
Suppose o = -o + 30. Let k = -24 + o. What is the units digit of 7*(-1 - k/7)?
2
Let q(c) be the first derivative of 4 - 3*c + 5/2*c**2. What is the units digit of q(2)?
7
Suppose a - 40 = -27. What is the tens digit of a?
1
What is the units digit of 10 + -8 - (0 + -1)?
3
Let h(z) = 5*z**2 - z + 3*z + 3*z**2 - 1. What is the units digit of h(1)?
9
Let w = -14 - -4. Suppose 0 = 2*s + s + 48. Let p = w - s. What is the units digit of p?
6
Let p(b) = 4*b + 0*b - 2 - 3*b. Let u be p(7). Suppose 2 = -3*t - 5*o, u*t + 2*o = 14 + 8. What is the units digit of t?
6
Suppose 4*c = -c + 85. Let v = c - 8. What is the units digit of v?
9
Let x = -44 + 119. What is the units digit of x?
5
Suppose -r - 3 = -2. Let b(w) be the third derivative of -5*w**4/24 - w**2. What is the units digit of b(r)?
5
Let s(c) = c - 4. Let b be s(11). Let f = b + 18. What is the units digit of (-10)/f + 22/5?
4
Let o(s) = -25*s - 14. What is the tens digit of o(-5)?
1
Let k = 146 - 62. What is the tens digit of k?
8
Let w be (-3)/(-5) - 102/(-30). Let t = -37 - -77. Suppose 0*x - w*x = -t. What is the tens digit of x?
1
What is the tens digit of (-788)/(-60) - (-4)/(-30)?
1
Let f = 11 + -6. Suppose -f*i + 196 + 4 = 0. What is the units digit of i?
0
Let g = 98 + -43. What is the tens digit of g?
5
Let i = 0 - -22. What is the tens digit of i?
2
Suppose 2*a + 0*a - 12 = 0. Let c(k) = k**3 - 7*k**2 + 8*k - 8. Let f be c(a). Suppose -5*z + f*t = t - 75, 5*z + 5*t - 75 = 0. What is the tens digit of z?
1
Suppose 2*x - 4*f + 1 = 5*x, -2*x = -5*f + 7. Let o be (x - -2)/(1/10). What is the units digit of (14/(-5))/((-2)/o)?
4
Let d(f) = f**2 + 1. Let z be d(3). Suppose 7*h - z = 2*h. Suppose -9 + 25 = h*s. What is the units digit of s?
8
Suppose -r + 6*r = 5. Let j = r - -8. What is the units digit of j?
9
Let q(d) = -d**2 + 14*d - 11. Let l = 8 + 4. What is the tens digit of q(l)?
1
Let h(w) = w. Let d be h(3). Suppose 5*i + 2*c = 52, -4*c - c + 45 = 4*i. Suppose i = s + d. What is the units digit of s?
7
Let s = -16 - -15. Let j(t) = -t**3 - 6*t**2 - t - 8. Let c be j(-6). What is the units digit of (-35)/s*c/(-5)?
4
Suppose o - 3 = -0. What is the units digit of 23/o - (-7)/21?
8
Let r(n) = -n**3 - 10*n**2 - 13*n - 9. Let b(t) = t - 5. Let z be b(-4). What is the units digit of r(z)?
7
Suppose 0 = 5*n - 2*w + 7*w - 115, 3*w 